. Let j = -100 - x. Is j a prime number?
False
Let g be ((-30)/(-2) - -1)/2. Let m be 9/(-12) - (-30)/g. Suppose -18 = -6*d + m*d. Is d a prime number?
False
Suppose -2732 = 12*y - 16*y. Is y composite?
False
Let b be 1/2 + (-15)/(-10). Let c be 4*(7/b + -2). Is (134/(-3))/(c/(-9)) a composite number?
False
Suppose 4*z = -0*z + 20. Suppose 3*w - z*w + 8 = 0. Is -322*(-2)/w*1 composite?
True
Let q(w) = w**3 + 12*w**2 - 13*w + 6. Let m be q(-13). Is (1 - 1) + 1 + m a prime number?
True
Suppose 5*r = 4 + 6. Suppose o - w - 66 = 137, 0 = 3*o - r*w - 608. Suppose 47 - o = -5*b. Is b a composite number?
False
Let g(v) = 10*v + 2. Let y(q) = -q**2 - q + 1. Let l(s) = g(s) + y(s). Let a be l(9). Suppose o - 3*c = 2*o - 49, 5*o + a*c = 197. Is o prime?
True
Let w be (3/(-2))/(7/(-140)). Is 4/10 - (-10638)/w prime?
False
Is 432 - (-3)/9*-3 composite?
False
Suppose 2*z + u - 6177 = 0, 3*u = 5*u + 10. Is z composite?
True
Let a(j) = -j - 4. Let x be a(-7). Suppose -5*m = 0, x*f - 5*m - 2 = 1. Is f - -3*(-66)/(-9) a composite number?
False
Let r = 25 + -16. Let n(d) = 6*d - 3 - 4 + 8*d. Is n(r) prime?
False
Let d = -114 + 176. Is d composite?
True
Let t = 57 - 28. Let k = 72 - t. Is k prime?
True
Let z = -30 + 53. Is z a prime number?
True
Suppose 11*q - 21491 = 1048. Is q a composite number?
True
Let y(u) = -5*u + 9. Let v be y(6). Is (v/6)/(2/(-44)) a composite number?
True
Let k be 2*(-3)/(-1 + -2). Let o = -5 - 6. Let b = k - o. Is b composite?
False
Let z = -21 + 15. Let c be (z + -85)/(-1 + 0). Suppose -v + c = -28. Is v a composite number?
True
Let y(q) = -11*q + 12. Is y(-7) a composite number?
False
Let w be (-1*1)/((-12)/(-36)). Is (w/6)/(3/(-258)) a composite number?
False
Suppose -54 = -3*k - 18. Is (4/5)/(k/30) prime?
True
Let s(x) = -x**3 - 7*x**2 + 6. Let g(k) = -k - 2. Let n be g(5). Let t be s(n). Is 976/t + 2/6 a prime number?
True
Let f(x) = x**3 + 2*x**2 - 3*x. Let m be f(-3). Suppose -4*n - n + 125 = m. Is n a composite number?
True
Suppose 3 = a + 1, m - 6 = -2*a. Suppose -l - 19 = -2*k, -3*k + 4*l - l + 33 = 0. Is ((-3)/(-4))/(m/k) composite?
False
Let c(d) = -3*d**3 + 5*d**2 + 2*d - 5. Is c(-5) a prime number?
False
Is (-28)/70 + (-1092)/(-5) a composite number?
True
Let t = -24 - -39. Is (t/(-6))/((-2)/12) a composite number?
True
Let i(b) = 2*b**2 - 6*b - 1. Is i(-7) a composite number?
False
Let b be (-2 + 15/9)*-309. Suppose 3*r - 2*r - b = -4*y, -3*r - 3*y = -282. Is r prime?
False
Suppose -2*w + 393 + 353 = 0. Is w a composite number?
False
Let j(x) = -x**2 - 8*x - 6. Let i be j(-7). Let o(n) = 9*n + 5. Let a(q) = -q. Let s(v) = i*o(v) - 3*a(v). Is s(4) composite?
False
Let r = -143 + 286. Is r a composite number?
True
Let z(u) = -53*u**3 + u**2. Let y be z(-1). Let f = y - 17. Is f a composite number?
False
Let n(h) = -h**3 + 3*h**2 + 4*h + 2. Let o be n(4). Suppose f + 38 = o*f + 3*g, -5*f - 3*g + 142 = 0. Is f a composite number?
True
Let o be (6/3 - 2) + -18. Let f = 1 - o. Is f a prime number?
True
Let d(r) = -r - 4. Let p be d(-7). Suppose 5*w = 5*k, -p*k + 20 = 3*w - 2*w. Let n = w + -3. Is n composite?
False
Let r(v) = -v**2 - 3*v + 20. Let a be r(-6). Let x(m) = -15*m**2 + m. Let s be x(-1). Is (3/a)/((-12)/s) prime?
True
Is -4 - (-4)/1 - -191 a composite number?
False
Let i be ((-1)/3)/((-4)/1044). Let z = -40 + i. Is z a prime number?
True
Let z = -380 - -2037. Is z a composite number?
False
Let y(x) = -70*x**2 - 3*x + 7. Let l(w) = -35*w**2 - 2*w + 4. Let f(j) = 5*l(j) - 3*y(j). Is f(-1) a prime number?
False
Suppose -z - 564 = 3*a - 2317, 5279 = 3*z - a. Is z prime?
True
Let x(i) = i**3 - 2*i**2 + 5. Let o = 6 + -4. Let k be 24/9*3/o. Is x(k) prime?
True
Suppose -5*h - 231 = 294. Let k = -54 - h. Is k a composite number?
True
Let m(z) = z**3 + 6*z**2 + 2*z + 19. Is m(-5) composite?
True
Suppose 4*v + v = 0. Suppose -316 = -v*a - 4*a. Is a composite?
False
Let d = 7 + -3. Suppose -2*b - a + 49 = -0*a, -a - 101 = -d*b. Is b prime?
False
Suppose 0 = 4*w + 5*w - 2358. Is w composite?
True
Let q(b) = -b**3 + b**2 - 2*b + 21. Is q(-9) composite?
True
Let v(l) = -l**3 - 11*l**2 - 8*l - 9. Let k = 22 - 33. Is v(k) a composite number?
False
Suppose -3*r + 8 + 1 = 0. Let o be 2*r/(-6)*-50. Suppose 2*i = -2*g + 188, -2*g + 5*i + 159 = -o. Is g prime?
True
Let j be 4*1*(-6)/3. Suppose 5*m = -401 - 169. Is (m/j)/(3/8) prime?
False
Let u be 14/4 + (-3)/(-2). Suppose -u*h = -10*h + 10. Is (-44)/(h - 4) - 0 prime?
False
Let n(u) = -7*u**3 + 4*u**2 - u + 3. Is n(-4) prime?
False
Let r(z) = 4*z**2 + 2*z - 1. Let p(s) be the third derivative of -7*s**5/60 - s**4/8 + s**3/6 - s**2. Let t(l) = -3*p(l) - 5*r(l). Is t(-4) a composite number?
True
Let i be 162/4*(-6)/(-1). Suppose 5*g - 769 - i = -3*w, -3*w = -12. Is g/9 + (-12)/54 prime?
False
Suppose 0 = -v - 5*k + 49, 0 = -3*v + 3*k - 4*k + 217. Let b be -3*(-1 - 290/6). Let o = b - v. Is o a composite number?
True
Suppose -32 = 3*v + v. Let w = v + 8. Suppose 3*a = -w*a + 195. Is a a prime number?
False
Suppose -b = -0*l - 2*l, -5*l = -4*b. Suppose -5*y + 105 = -b*y. Is y prime?
False
Let k be (1364/33)/(2/3). Let p = -25 + k. Is p prime?
True
Suppose -9*q + 399 + 312 = 0. Is q a prime number?
True
Is 1/((-584)/586 + 1) prime?
True
Suppose -2*s - 18 = -5*p, 4*s + 6 + 10 = 0. Let x(t) = -8*t - p*t + 51*t - 1 + 7*t. Is x(1) composite?
False
Let o(h) = 535*h - 14. Is o(1) a composite number?
False
Let m = -1 + 3. Suppose -4*k - 2*n + 5*n = -514, -2*k + 258 = -m*n. Is k a composite number?
False
Let c = -149 - -818. Is c a prime number?
False
Let j = -9 + 18. Is -3*((-60)/j - -2) composite?
True
Suppose -8*z + 1230 = -2*z. Is z composite?
True
Let u(m) be the first derivative of m**4/4 - 8*m**3/3 - 9*m**2/2 + 9*m - 3. Let h be u(9). Is 50 + (h/(-3))/(-1) a composite number?
False
Let p = 222 - 116. Is p a composite number?
True
Let g(r) = -r**2. Let v(d) = -55*d**2 + 4*d + 1. Let k(i) = 5*g(i) + v(i). Let u(q) = -240*q**2 + 17*q + 5. Let t(z) = -9*k(z) + 2*u(z). Is t(1) a prime number?
True
Suppose -4*j = -3*k + 70 + 115, 0 = -k - 5*j + 30. Is k a prime number?
False
Let i(p) be the second derivative of p**4/6 - p**3 - p**2/2 + 2*p. Let t be i(5). Suppose -5*u + t = -26. Is u a composite number?
True
Let m(x) = -x + 329. Is m(0) a composite number?
True
Let h = 199 - 43. Let r = -29 + h. Is r a composite number?
False
Suppose 0*p - 4 = p. Is 102/p*(-2 + 0) a composite number?
True
Let z(s) = 3*s**3 + 8*s - 7. Let u(r) = r**3 + r**2 + r. Let f(l) = -5*u(l) + z(l). Let t be f(-5). Let d = t - 70. Is d a prime number?
False
Suppose v = -2*r - 460, -10 = -3*v - 2*v. Let j = -43 - r. Suppose -p + 4*p = -w + 47, -4*w - p = -j. Is w composite?
False
Let h(l) = -3*l - 12. Let o be h(-5). Suppose -5*s + 4*t + 222 = -13, -o*s = -3*t - 141. Is s a composite number?
False
Suppose 0 = -4*q - 4*o + 17 + 183, 3*o = -q + 44. Is q a composite number?
False
Let b be 954/7 - (-6)/(-21). Let r = b + -15. Is r a prime number?
False
Let v be -111*3*(-8)/(-18). Is 3/((-450)/v - 3) a composite number?
True
Is (7798/7)/(4*(-1)/(-2)) a composite number?
False
Suppose 0 = -14*w - 2637 + 9175. Is w a composite number?
False
Let y be 3/(((-3)/4)/(-1)). Suppose 2*s - y = k - 43, 3*s = 2*k - 74. Is k a prime number?
True
Let x(w) = 485*w**2 - 2*w. Is x(-1) a prime number?
True
Let o(n) = -7*n**2 + 4*n - 3. Let r(b) = -6*b**2 + 4*b - 2. Let q(c) = 3*o(c) - 4*r(c). Is q(6) a composite number?
False
Let i(s) = s**3 - s**2 - s. Suppose 0 = 2*d + 5*v + 6, -2*d + 4*d - 2*v = 8. Let p be i(d). Suppose -p*w = -3*w + 19. Is w a prime number?
True
Let n be -9*2/(1 + -7). Suppose -2*i = -n*i + 35. Is i a composite number?
True
Suppose 2*z - z = 3*t - 217, -z = -t + 69. Is t composite?
True
Let y be (-2)/3 + (-1185)/(-9). Let h = 165 + -89. Suppose 0 = 3*r - h - y. Is r a composite number?
True
Suppose -21 = 4*b - 1. Let m be 3/(b/((-30)/9)). Is (m + -6)*38/(-8) a prime number?
True
Let v(r) = 2*r**2 - r - 1. Let k be v(2). Suppose -3*f + k = -8*f. Let w = 8 + f. Is w prime?
True
Let f(m) = 16*m + 53. Is f(15) a composite number?
False
Let b(v) = v**3 - 7*v**2 + 4*v + 3. Is b(7) composite?
False
Suppose 712 = -11*h + 13*h + 2*q, h = -2*q + 359. Is h a composite number?
False
Is (12/8)/(6/148) a prime number?
True
Let z = -14